7.
7, 919, 190769
What are the prime factors of 31589569?
11, 1259, 2281
List the prime factors of 30432196.
2, 7608049
List the prime factors of 39146791.
79, 137, 3617
List the prime factors of 670560840.
2, 3, 5, 1862669
What are the prime factors of 1696453018?
2, 13, 17, 3838129
What are the prime factors of 90965512?
2, 11, 653, 1583
List the prime factors of 379076317.
23, 16481579
List the prime factors of 158656489.
6421, 24709
List the prime factors of 34762680.
2, 3, 5, 61, 1583
List the prime factors of 8626844.
2, 2156711
List the prime factors of 98532601.
31, 449, 7079
List the prime factors of 63282210.
2, 3, 5, 37, 47, 1213
What are the prime factors of 1100235510?
2, 3, 5, 11, 293, 3793
List the prime factors of 83097497.
7, 127, 211, 443
What are the prime factors of 160140541?
11, 947, 15373
List the prime factors of 6235033372.
2, 83, 18780221
List the prime factors of 173650625.
5, 109, 2549
List the prime factors of 4038221035.
5, 807644207
List the prime factors of 1576934219.
7, 157, 204983
What are the prime factors of 7837668500?
2, 5, 1543, 10159
List the prime factors of 719306649.
3, 233, 38113
What are the prime factors of 825490261?
2633, 313517
List the prime factors of 135967470.
2, 3, 5, 127, 281
What are the prime factors of 1761454420?
2, 5, 11, 8006611
What are the prime factors of 644325023?
89, 691, 10477
What are the prime factors of 478274613?
3, 159424871
List the prime factors of 5138655.
3, 5, 29, 11813
What are the prime factors of 9773612?
2, 2443403
List the prime factors of 2475380558.
2, 7, 193, 916129
What are the prime factors of 221410184?
2, 31, 892783
List the prime factors of 46313927.
11, 23, 183059
What are the prime factors of 63232107?
3, 21077369
What are the prime factors of 1751053701?
3, 73, 7995679
List the prime factors of 162495376.
2, 10155961
What are the prime factors of 384362842?
2, 433, 443837
List the prime factors of 1252385936.
2, 283, 276587
List the prime factors of 75671902.
2, 1223, 30937
List the prime factors of 6991341770.
2, 5, 7, 99876311
What are the prime factors of 2704097243?
61, 139, 318917
What are the prime factors of 11967970?
2, 5, 7, 170971
List the prime factors of 69249223.
107, 647189
List the prime factors of 150745136.
2, 1747, 5393
List the prime factors of 21955485.
3, 5, 751, 1949
What are the prime factors of 4693010048?
2, 397, 92353
List the prime factors of 21143690.
2, 5, 2114369
What are the prime factors of 50731180?
2, 5, 2536559
What are the prime factors of 3814896779?
19, 200784041
List the prime factors of 15367760.
2, 5, 192097
What are the prime factors of 196929753?
3, 919, 71429
List the prime factors of 2847158648.
2, 355894831
What are the prime factors of 5701077317?
13, 29, 1423, 10627
What are the prime factors of 32319969?
3, 11, 19, 2713
What are the prime factors of 3895112515?
5, 7, 9839, 11311
List the prime factors of 6941133170.
2, 5, 389, 1784353
List the prime factors of 400423688.
2, 7, 73, 1999
List the prime factors of 5555260955.
5, 23, 173, 293, 953
What are the prime factors of 26986278?
2, 3, 11, 61, 6703
List the prime factors of 966297372.
2, 3, 1499, 53719
List the prime factors of 923734278.
2, 3, 227, 331, 683
List the prime factors of 204055645.
5, 40811129
List the prime factors of 154821537.
3, 13, 147029
What are the prime factors of 2403148066?
2, 11, 1567, 69709
List the prime factors of 2873166056.
2, 17, 31, 661, 1031
List the prime factors of 454148044.
2, 7, 16219573
List the prime factors of 1210227638.
2, 263, 2300813
List the prime factors of 144158031.
3, 37, 432907
What are the prime factors of 99754164?
2, 3, 17, 162997
List the prime factors of 707019825.
3, 5, 47, 200573
List the prime factors of 93433489.
93433489
List the prime factors of 4837334.
2, 47, 51461
What are the prime factors of 103888616?
2, 13, 59, 16931
What are the prime factors of 708242050?
2, 5, 137, 103393
List the prime factors of 499225933.
2699, 184967
What are the prime factors of 1228013144?
2, 153501643
List the prime factors of 3653988154.
2, 19, 107, 898669
List the prime factors of 2175169687.
137, 15877151
What are the prime factors of 1013373526?
2, 11, 67, 687499
List the prime factors of 3288771784.
2, 411096473
What are the prime factors of 6963831128?
2, 870478891
What are the prime factors of 421238401?
229, 1839469
What are the prime factors of 40331582?
2, 17, 1013, 1171
What are the prime factors of 158999558?
2, 31, 41, 62549
List the prime factors of 6064736.
2, 189523
List the prime factors of 46290578.
2, 277, 83557
What are the prime factors of 55909730?
2, 5, 5590973
What are the prime factors of 1938261125?
5, 181, 85669
List the prime factors of 60720056.
2, 17, 26263
List the prime factors of 269246093.
19, 89, 159223
What are the prime factors of 1210600279?
7, 172942897
List the prime factors of 2163734512.
2, 135233407
List the prime factors of 2078007.
3, 313, 2213
What are the prime factors of 2638419021?
3, 7, 19, 31, 137, 173
What are the prime factors of 4638702274?
2, 2319351137
List the prime factors of 807923325.
3, 5, 11, 29, 33769
What are the prime factors of 44525611?
13, 3425047
List the prime factors of 395819173.
29, 470653
What are the prime factors of 261422747?
261422747
List the prime factors of 112935083.
23, 4910221
List the prime factors of 125044940.
2, 5, 6252247
What are the prime factors of 23090283?
3, 773, 3319
List the prime factors of 172785051.
3, 43, 446473
What are the prime factors of 1441732490?
2, 5, 11, 13106659
List the prime factors of 506646736.
2, 31665421
What are the prime factors of 3060118254?
2, 3, 510019709
List the prime factors of 148550717.
7, 21221531
List the prime factors of 97289075.
5, 13, 23027
List the prime factors of 163937679.
3, 2027, 26959
What are the prime factors of 6121913?
7, 101, 1237
List the prime factors of 495495906.
2, 3, 17, 41, 109, 1087
List the prime factors of 27054255.
3, 5, 1151, 1567
List the prime factors of 255384162.
2, 3, 11, 41, 163, 193
List the prime factors of 13128727.
13128727
List the prime factors of 638955988.
2, 11, 1320157
What are the prime factors of 72015331?
4099, 17569
List the prime factors of 104489073.
3, 13, 37, 24137
What are the prime factors of 23428933?
11, 2129903
What are the prime factors of 33470659?
3371, 9929
List the prime factors of 48691245.
3, 5, 67, 48449
What are the prime factors of 251568117?
3, 3391, 8243
List the prime factors of 2822590505.
5, 7, 19, 4244497
What are the prime factors of 872035957?
13, 643, 104323
List the prime factors of 100814448.
2, 3, 7, 300043
List the prime factors of 77730303.
3, 7, 37, 71, 1409
List the prime factors of 141257570.
2, 5, 389, 36313
What are the prime factors of 1475353049?
1475353049
List the prime factors of 432459345.
3, 5, 17, 173, 9803
List the prime factors of 178339164.
2, 3, 14861597
List the prime factors of 121639399.
7, 53, 327869
List the prime factors of 3638734977.
3, 1212911659
What are the prime factors of 8039842?
2, 809, 4969
What are the prime factors of 831707100?
2, 3, 5, 7, 97, 1361
List the prime factors of 1745845853.
1745845853
What are the prime factors of 422300274?
2, 3, 11, 229, 27941
List the prime factors of 1865400446.
2, 7, 13, 17, 602909
What are the prime factors of 2259616260?
2, 3, 5, 11, 3423661
What are the prime factors of 505309047?
3, 19, 1877, 4723
What are the prime factors of 492572618?
2, 246286309
List the prime factors of 196375728.
2, 3, 4091161
What are the prime factors of 2742085909?
19, 144320311
What are the prime factors of 1622732969?
11, 13, 11347783
What are the prime factors of 1119723653?
41, 59, 462887
What are the prime factors of 257201011?
79, 89, 157, 233
List the prime factors of 156344345.
5, 43, 727183
What are the prime factors of 787819391?
23, 337, 101641
List the prime factors of 3026914120.
2, 5, 75672853
What are the prime factors of 5363838365?
5, 1072767673
What are the prime factors of 457613428?
2, 23, 137, 36307
What are the prime factors of 1256833139?
26141, 48079
What are the prime factors of 2626301041?
7, 13, 67, 430753
List the prime factors of 153461962.
2, 76730981
List the prime factors of 590337182.
2, 19, 23, 509, 1327
List t